{"id":446,"date":"2020-10-30T10:30:54","date_gmt":"2020-10-30T09:30:54","guid":{"rendered":"http:\/\/handiablees.com\/?page_id=446"},"modified":"2022-06-07T14:18:16","modified_gmt":"2022-06-07T12:18:16","slug":"dons-et-crowdfunding","status":"publish","type":"page","link":"https:\/\/handiablees.com\/index.php\/dons-et-crowdfunding\/","title":{"rendered":"Dons, adh\u00e9sion et crowdfunding"},"content":{"rendered":"\n<p class=\"has-drop-cap\">Handiabl\u00e9.e.s est une association loi 1901 reconnue d&rsquo;int\u00e9r\u00eat g\u00e9n\u00e9ral. Les dons sont \u00e0 d\u00e9clarer aux imp\u00f4ts pour b\u00e9n\u00e9ficier d&rsquo;un retour sur g\u00e9n\u00e9rosit\u00e9. <\/p>\n\n\n\n<p class=\"has-drop-cap\">Pour faire un geste pour offrir aux enfants et familles un peu de paillettes dans leur quotidien d&rsquo;aidant, de soins et de suivis, vous pouvez vous rendre sur Helloasso, lien suivant <a rel=\"noreferrer noopener\" href=\"https:\/\/www.helloasso.com\/associations\/handiable-e-s\/formulaires\/1\/widget\" target=\"_blank\">DON<\/a>.<\/p>\n\n\n\n<p><\/p>\n\n\n\n<p class=\"has-vivid-red-color has-cyan-bluish-gray-background-color has-text-color has-background has-huge-font-size\">La <a rel=\"noreferrer noopener\" href=\"https:\/\/www.helloasso.com\/associations\/handiable-e-s\/formulaires\/1\/widget\" data-type=\"URL\" data-id=\"https:\/\/www.helloasso.com\/associations\/handiable-e-s\/formulaires\/1\/widget\" target=\"_blank\">cagnotte des Handiabl\u00e9.e.s <\/a><\/p>\n\n\n\n<p class=\"has-drop-cap\">La campagne 2022 est ouverte, vous pouvez adh\u00e9rer aussi adh\u00e9rer sur <a rel=\"noreferrer noopener\" href=\"https:\/\/www.helloasso.com\/associations\/handiable-e-s\/adhesions\/adhesion-2022\" target=\"_blank\">HELLOASSO<\/a><\/p>\n\n\n\n<figure class=\"wp-block-image size-full\"><img loading=\"lazy\" decoding=\"async\" width=\"600\" height=\"600\" src=\"http:\/\/handiablees.com\/wp-content\/uploads\/2022\/06\/qrcode-Adhesion-2022.png\" alt=\"\" class=\"wp-image-1179\" srcset=\"https:\/\/handiablees.com\/wp-content\/uploads\/2022\/06\/qrcode-Adhesion-2022.png 600w, https:\/\/handiablees.com\/wp-content\/uploads\/2022\/06\/qrcode-Adhesion-2022-300x300.png 300w, https:\/\/handiablees.com\/wp-content\/uploads\/2022\/06\/qrcode-Adhesion-2022-150x150.png 150w, https:\/\/handiablees.com\/wp-content\/uploads\/2022\/06\/qrcode-Adhesion-2022-75x75.png 75w\" sizes=\"auto, (max-width: 600px) 100vw, 600px\" \/><\/figure>\n\n\n\n<p><\/p>\n\n\n\n<p><\/p>\n","protected":false},"excerpt":{"rendered":"<p>Handiabl\u00e9.e.s est une association loi 1901 reconnue d&rsquo;int\u00e9r\u00eat g\u00e9n\u00e9ral. Les dons sont \u00e0 d\u00e9clarer aux imp\u00f4ts pour b\u00e9n\u00e9ficier d&rsquo;un retour sur g\u00e9n\u00e9rosit\u00e9. Pour faire un geste pour offrir aux enfants et familles un peu de paillettes dans leur quotidien d&rsquo;aidant, de soins et de suivis, vous pouvez vous rendre sur Helloasso, lien suivant DON. La cagnotte des Handiabl\u00e9.e.s La campagne 2022 est ouverte, vous pouvez adh\u00e9rer aussi adh\u00e9rer sur HELLOASSO<\/p>\n","protected":false},"author":1,"featured_media":0,"parent":0,"menu_order":1,"comment_status":"open","ping_status":"closed","template":"","meta":{"footnotes":""},"class_list":["post-446","page","type-page","status-publish","hentry"],"_links":{"self":[{"href":"https:\/\/handiablees.com\/index.php\/wp-json\/wp\/v2\/pages\/446","targetHints":{"allow":["GET"]}}],"collection":[{"href":"https:\/\/handiablees.com\/index.php\/wp-json\/wp\/v2\/pages"}],"about":[{"href":"https:\/\/handiablees.com\/index.php\/wp-json\/wp\/v2\/types\/page"}],"author":[{"embeddable":true,"href":"https:\/\/handiablees.com\/index.php\/wp-json\/wp\/v2\/users\/1"}],"replies":[{"embeddable":true,"href":"https:\/\/handiablees.com\/index.php\/wp-json\/wp\/v2\/comments?post=446"}],"version-history":[{"count":15,"href":"https:\/\/handiablees.com\/index.php\/wp-json\/wp\/v2\/pages\/446\/revisions"}],"predecessor-version":[{"id":1180,"href":"https:\/\/handiablees.com\/index.php\/wp-json\/wp\/v2\/pages\/446\/revisions\/1180"}],"wp:attachment":[{"href":"https:\/\/handiablees.com\/index.php\/wp-json\/wp\/v2\/media?parent=446"}],"curies":[{"name":"wp","href":"https:\/\/api.w.org\/{rel}","templated":true}]}}