{"id":418,"date":"2020-10-23T11:47:53","date_gmt":"2020-10-23T09:47:53","guid":{"rendered":"http:\/\/handiablees.com\/?page_id=418"},"modified":"2021-01-14T08:57:57","modified_gmt":"2021-01-14T07:57:57","slug":"allezhop-hoptoys","status":"publish","type":"page","link":"https:\/\/handiablees.com\/index.php\/accessibilte\/vie-quotidienne\/astuces-gadgets\/allezhop-hoptoys\/","title":{"rendered":"Allez&rsquo;hop hoptoys !"},"content":{"rendered":"\n<p>Hoptoys n&rsquo;est pas qu&rsquo;un site d&rsquo;achat.<\/p>\n\n\n\n<p>Au d\u00e9tour des pages de jeux et de mat\u00e9riels, on trouve des guides, des t\u00e9moignages, des id\u00e9es et m\u00eame des concours.<\/p>\n\n\n\n<p>Hugo a eu l&rsquo;opportunit\u00e9 de participer \u00e0 sa mani\u00e8re \u00e0 la visibilit\u00e9 du handicap par un concours. Sa frimousse a mis en avant un casque anti-bruit, un type d&rsquo;objet qu&rsquo;on peut trouver sur hoptoys, car on trouve presque tout quand on est une famille Handiabl\u00e9e. <\/p>\n\n\n\n<p>Et surtout, on trouve de tout sur tous les handicaps<a href=\"https:\/\/www.hoptoys.fr\" data-type=\"URL\" data-id=\"https:\/\/www.hoptoys.fr\" target=\"_blank\" rel=\"noreferrer noopener\">.\ud83d\udc2d<\/a><\/p>\n\n\n\n<p><\/p>\n\n\n\n<p><\/p>\n","protected":false},"excerpt":{"rendered":"<p>Hoptoys n&rsquo;est pas qu&rsquo;un site d&rsquo;achat. Au d\u00e9tour des pages de jeux et de mat\u00e9riels, on trouve des guides, des t\u00e9moignages, des id\u00e9es et m\u00eame des concours. Hugo a eu l&rsquo;opportunit\u00e9 de participer \u00e0 sa mani\u00e8re \u00e0 la visibilit\u00e9 du handicap par un concours. Sa frimousse a mis en avant un casque anti-bruit, un type d&rsquo;objet qu&rsquo;on peut trouver sur hoptoys, car on trouve presque tout quand on est une famille Handiabl\u00e9e. Et surtout, on trouve de tout sur tous les handicaps.\ud83d\udc2d<\/p>\n","protected":false},"author":1,"featured_media":0,"parent":61,"menu_order":1,"comment_status":"closed","ping_status":"closed","template":"","meta":{"footnotes":""},"class_list":["post-418","page","type-page","status-publish","hentry"],"_links":{"self":[{"href":"https:\/\/handiablees.com\/index.php\/wp-json\/wp\/v2\/pages\/418","targetHints":{"allow":["GET"]}}],"collection":[{"href":"https:\/\/handiablees.com\/index.php\/wp-json\/wp\/v2\/pages"}],"about":[{"href":"https:\/\/handiablees.com\/index.php\/wp-json\/wp\/v2\/types\/page"}],"author":[{"embeddable":true,"href":"https:\/\/handiablees.com\/index.php\/wp-json\/wp\/v2\/users\/1"}],"replies":[{"embeddable":true,"href":"https:\/\/handiablees.com\/index.php\/wp-json\/wp\/v2\/comments?post=418"}],"version-history":[{"count":2,"href":"https:\/\/handiablees.com\/index.php\/wp-json\/wp\/v2\/pages\/418\/revisions"}],"predecessor-version":[{"id":645,"href":"https:\/\/handiablees.com\/index.php\/wp-json\/wp\/v2\/pages\/418\/revisions\/645"}],"up":[{"embeddable":true,"href":"https:\/\/handiablees.com\/index.php\/wp-json\/wp\/v2\/pages\/61"}],"wp:attachment":[{"href":"https:\/\/handiablees.com\/index.php\/wp-json\/wp\/v2\/media?parent=418"}],"curies":[{"name":"wp","href":"https:\/\/api.w.org\/{rel}","templated":true}]}}