{"id":403,"date":"2020-10-18T07:50:05","date_gmt":"2020-10-18T05:50:05","guid":{"rendered":"http:\/\/handiablees.com\/?page_id=403"},"modified":"2020-12-04T09:15:22","modified_gmt":"2020-12-04T08:15:22","slug":"elle-lintrepide","status":"publish","type":"page","link":"https:\/\/handiablees.com\/index.php\/communication-2\/culture\/elle-lintrepide\/","title":{"rendered":"Elle, l&rsquo;intr\u00e9pide"},"content":{"rendered":"\n<p><\/p>\n\n\n\n<p class=\"has-drop-cap has-background\" style=\"background-color:#24e6e2\"><a rel=\"noreferrer noopener\" href=\"http:\/\/intrepidemariechaussette.over-blog.com\" data-type=\"URL\" data-id=\"http:\/\/intrepidemariechaussette.over-blog.com\" target=\"_blank\">L&rsquo;intr\u00e9pide,<\/a> Marie-Pierre Blanchet, \u00e9crivaine et conf\u00e9renci\u00e8re, nous livre le t\u00e9moignage d&rsquo;une vie en 3 parties dont celle de l&rsquo;enfance dans l&rsquo;intr\u00e9pide Marie-Chaussette. Le titre est \u00e0 lui seul \u00e9vocateur d&rsquo;un appel \u00e0 la l\u00e9g\u00e8ret\u00e9 mais surtout \u00e0 l&rsquo;identification dans la peau d&rsquo;une jeune fille en situation de handicap. Un vecu \u00e0 part, en tout point finalement, par son caract\u00e8re et par son go\u00fbt du partage. <\/p>\n\n\n\n<p class=\"has-drop-cap has-background\" style=\"background-color:#24e6e2\">Le livre est un t\u00e9moignage d&rsquo;une partie d&rsquo;une vie. Le blog est la Vie sans barri\u00e8re. Imm\u00e9diat et direct, on peut \u00eatre s\u00fbr que la litt\u00e9rature de notre contemporaine ne peut aller sans ses posts directs et francs. <\/p>\n\n\n\n<p class=\"has-background\" style=\"background-color:#24e6e2\"> Suivre sans limite..<a href=\"http:\/\/intrepidemariechaussette.over-blog.com\" data-type=\"URL\" data-id=\"http:\/\/intrepidemariechaussette.over-blog.com\" target=\"_blank\" rel=\"noreferrer noopener\">.\ud83d\udc2d<\/a><\/p>\n","protected":false},"excerpt":{"rendered":"<p>L&rsquo;intr\u00e9pide, Marie-Pierre Blanchet, \u00e9crivaine et conf\u00e9renci\u00e8re, nous livre le t\u00e9moignage d&rsquo;une vie en 3 parties dont celle de l&rsquo;enfance dans l&rsquo;intr\u00e9pide Marie-Chaussette. Le titre est \u00e0 lui seul \u00e9vocateur d&rsquo;un appel \u00e0 la l\u00e9g\u00e8ret\u00e9 mais surtout \u00e0 l&rsquo;identification dans la peau d&rsquo;une jeune fille en situation de handicap. Un vecu \u00e0 part, en tout point finalement, par son caract\u00e8re et par son go\u00fbt du partage. Le livre est un t\u00e9moignage d&rsquo;une partie d&rsquo;une vie. Le blog est la Vie sans barri\u00e8re. Imm\u00e9diat et direct, on peut \u00eatre s\u00fbr que la litt\u00e9rature de notre contemporaine ne peut aller sans ses posts directs et francs. Suivre sans limite&#8230;\ud83d\udc2d<\/p>\n","protected":false},"author":1,"featured_media":0,"parent":116,"menu_order":1,"comment_status":"open","ping_status":"closed","template":"","meta":{"footnotes":""},"class_list":["post-403","page","type-page","status-publish","hentry"],"_links":{"self":[{"href":"https:\/\/handiablees.com\/index.php\/wp-json\/wp\/v2\/pages\/403","targetHints":{"allow":["GET"]}}],"collection":[{"href":"https:\/\/handiablees.com\/index.php\/wp-json\/wp\/v2\/pages"}],"about":[{"href":"https:\/\/handiablees.com\/index.php\/wp-json\/wp\/v2\/types\/page"}],"author":[{"embeddable":true,"href":"https:\/\/handiablees.com\/index.php\/wp-json\/wp\/v2\/users\/1"}],"replies":[{"embeddable":true,"href":"https:\/\/handiablees.com\/index.php\/wp-json\/wp\/v2\/comments?post=403"}],"version-history":[{"count":3,"href":"https:\/\/handiablees.com\/index.php\/wp-json\/wp\/v2\/pages\/403\/revisions"}],"predecessor-version":[{"id":644,"href":"https:\/\/handiablees.com\/index.php\/wp-json\/wp\/v2\/pages\/403\/revisions\/644"}],"up":[{"embeddable":true,"href":"https:\/\/handiablees.com\/index.php\/wp-json\/wp\/v2\/pages\/116"}],"wp:attachment":[{"href":"https:\/\/handiablees.com\/index.php\/wp-json\/wp\/v2\/media?parent=403"}],"curies":[{"name":"wp","href":"https:\/\/api.w.org\/{rel}","templated":true}]}}