{"id":1183,"date":"2022-09-24T17:02:56","date_gmt":"2022-09-24T15:02:56","guid":{"rendered":"http:\/\/handiablees.com\/?page_id=1183"},"modified":"2022-09-24T17:02:57","modified_gmt":"2022-09-24T15:02:57","slug":"reportage-du-dauphine","status":"publish","type":"page","link":"https:\/\/handiablees.com\/index.php\/communication-2\/reportage-du-dauphine\/","title":{"rendered":"Reportage du Dauphin\u00e9"},"content":{"rendered":"\n<p>Difficile de d\u00e9crire une association jeune qui \u0153uvre depuis pr\u00e8s de 5 ans dont 3\u00a0 ann\u00e9es avec ses statuts officiels d&rsquo;association loi 1901.<\/p>\n\n\n\n<p>Certes, nous n\u2019avons pas d\u2019\u00e9tablissements, de services, d\u2019actions d\u00e9finies ou de grandes manifestations.<\/p>\n\n\n\n<p>Lors de notre entrevue avec le journaliste du Dauphin\u00e9, il \u00e9tait important de rappeler que nous sommes avant tout une association locale\u00a0: Handiabl\u00e9.e.s a \u00e9t\u00e9 cr\u00e9e pour les familles touch\u00e9es par le polyhandicap ou un handicap lourd d\u2019un enfant qui vit sur le 05 ou le nord du 04 frontalier.<\/p>\n\n\n\n<p>Pour \u00eatre dans une action personnalis\u00e9e, aucun int\u00e9r\u00eat de se d\u00e9velopper au niveau national. Ce qui nous importe, c\u2019est d\u2019\u00eatre pr\u00e9sent pour les familles sur notre territoire.<\/p>\n\n\n\n<p>Pour \u00eatre efficace, nous devons faire des choix. Les membres actifs de l\u2019association Handiabl\u00e9.e.s sont nos familles touch\u00e9es par le handicap lourd d\u2019un enfant. Ce sont avant tout des aidants, des proches, des investis au quotidien.<\/p>\n\n\n\n<p>Nos familles ont besoin d\u2019\u00eatre en lien entre elles pour se comprendre, se soutenir ou se conseiller. C\u2019est pourquoi notre plus importante mission est de donner les moyens de cr\u00e9er du lien mais aussi de le faire vivre dans nos vies d\u2019aidants.<\/p>\n\n\n\n<p>Nous donnons les moyens d\u2019\u00eatre ensemble, de partager des instants de partage que nous soyons organisateurs ou qu\u2019ils se cr\u00e9ent sans nous. Toute occasion est bonne \u00e0 vivre.<\/p>\n\n\n\n<p>Nous essayons de sensibiliser sur le polyhandicap par des t\u00e9moignages ou par des actions parlant de nous\u00a0: un festival intime de musique pour la premi\u00e8re de 2022 avec Sonia Lise &#8211; notre magnifique artiste d\u2019ici et d\u2019ailleurs &#8211; ou l\u2019investissement des familles dans une r\u00e9alisation artistique pour la mairie de Gap lors\u00a0 de la mise en beaut\u00e9 d\u2019une vache du rond-point du C\u00e8dres, devenu le rond-point des vaches.<\/p>\n\n\n\n<p>Nous ne serons certes pas des plus grandes occasions. Nous serons encore et toujours du territoire pour nos familles, pour vos amis ou vos proches qui pourraient en avoir besoin parce que demain, comme nous le sommes aujourd\u2019hui, ils pourraient devenir aidant d\u2019un enfant polyhandicap\u00e9 ou avec un handicap lourd.<\/p>\n\n\n\n<p>Nous sommes les Handiabl\u00e9.e.s, association d\u2019int\u00e9r\u00eat g\u00e9n\u00e9ral, reconnue et soutenue par nos amis du territoire. Toute bonne volont\u00e9 est la bienvenue. <\/p>\n","protected":false},"excerpt":{"rendered":"<p>Difficile de d\u00e9crire une association jeune qui \u0153uvre depuis pr\u00e8s de 5 ans dont 3\u00a0 ann\u00e9es avec ses statuts officiels d&rsquo;association loi 1901. Certes, nous n\u2019avons pas d\u2019\u00e9tablissements, de services, d\u2019actions d\u00e9finies ou de grandes manifestations. Lors de notre entrevue avec le journaliste du Dauphin\u00e9, il \u00e9tait important de rappeler que nous sommes avant tout une association locale\u00a0: Handiabl\u00e9.e.s a \u00e9t\u00e9 cr\u00e9e pour les familles touch\u00e9es par le polyhandicap ou un handicap lourd d\u2019un enfant qui vit sur le 05 ou le nord du 04 frontalier. Pour \u00eatre dans une action personnalis\u00e9e, aucun int\u00e9r\u00eat de se d\u00e9velopper au niveau national. Ce qui nous importe, c\u2019est d\u2019\u00eatre pr\u00e9sent pour les familles sur notre territoire. Pour \u00eatre efficace, nous devons faire des choix. Les membres actifs de l\u2019association Handiabl\u00e9.e.s sont nos familles touch\u00e9es par le handicap lourd d\u2019un enfant. Ce sont avant tout des aidants, des proches, des investis au quotidien. Nos familles ont besoin d\u2019\u00eatre en lien entre elles pour se comprendre, se soutenir ou se conseiller. C\u2019est pourquoi notre plus importante mission est de donner les moyens de cr\u00e9er du lien mais aussi de le faire vivre dans nos vies d\u2019aidants. Nous donnons les moyens d\u2019\u00eatre ensemble, de partager des instants de partage que nous soyons organisateurs ou qu\u2019ils se cr\u00e9ent sans nous. Toute occasion est bonne \u00e0 vivre. Nous essayons de sensibiliser sur le polyhandicap par des t\u00e9moignages ou par des actions parlant de nous\u00a0: un festival intime de musique pour la premi\u00e8re de 2022 avec Sonia Lise &#8211; notre magnifique artiste d\u2019ici et d\u2019ailleurs &#8211; ou l\u2019investissement des familles dans une r\u00e9alisation artistique pour la mairie de Gap lors\u00a0 de la mise en beaut\u00e9 d\u2019une vache du rond-point du C\u00e8dres, devenu le rond-point des vaches. Nous ne serons certes pas des plus grandes occasions. Nous serons encore et toujours du territoire pour nos familles, pour vos amis ou vos proches qui pourraient en avoir besoin parce que demain, comme nous le sommes aujourd\u2019hui, ils pourraient devenir aidant d\u2019un enfant polyhandicap\u00e9 ou avec un handicap lourd. Nous sommes les Handiabl\u00e9.e.s, association d\u2019int\u00e9r\u00eat g\u00e9n\u00e9ral, reconnue et soutenue par nos amis du territoire. Toute bonne volont\u00e9 est la bienvenue.<\/p>\n","protected":false},"author":1,"featured_media":1184,"parent":808,"menu_order":1,"comment_status":"closed","ping_status":"closed","template":"","meta":{"footnotes":""},"class_list":["post-1183","page","type-page","status-publish","has-post-thumbnail","hentry"],"_links":{"self":[{"href":"https:\/\/handiablees.com\/index.php\/wp-json\/wp\/v2\/pages\/1183","targetHints":{"allow":["GET"]}}],"collection":[{"href":"https:\/\/handiablees.com\/index.php\/wp-json\/wp\/v2\/pages"}],"about":[{"href":"https:\/\/handiablees.com\/index.php\/wp-json\/wp\/v2\/types\/page"}],"author":[{"embeddable":true,"href":"https:\/\/handiablees.com\/index.php\/wp-json\/wp\/v2\/users\/1"}],"replies":[{"embeddable":true,"href":"https:\/\/handiablees.com\/index.php\/wp-json\/wp\/v2\/comments?post=1183"}],"version-history":[{"count":1,"href":"https:\/\/handiablees.com\/index.php\/wp-json\/wp\/v2\/pages\/1183\/revisions"}],"predecessor-version":[{"id":1185,"href":"https:\/\/handiablees.com\/index.php\/wp-json\/wp\/v2\/pages\/1183\/revisions\/1185"}],"up":[{"embeddable":true,"href":"https:\/\/handiablees.com\/index.php\/wp-json\/wp\/v2\/pages\/808"}],"wp:featuredmedia":[{"embeddable":true,"href":"https:\/\/handiablees.com\/index.php\/wp-json\/wp\/v2\/media\/1184"}],"wp:attachment":[{"href":"https:\/\/handiablees.com\/index.php\/wp-json\/wp\/v2\/media?parent=1183"}],"curies":[{"name":"wp","href":"https:\/\/api.w.org\/{rel}","templated":true}]}}