{"id":1092,"date":"2021-09-14T11:12:23","date_gmt":"2021-09-14T09:12:23","guid":{"rendered":"http:\/\/handiablees.com\/?page_id=1092"},"modified":"2021-09-14T11:12:25","modified_gmt":"2021-09-14T09:12:25","slug":"lulu-turlututu-ou-la-sensibilisation-en-milieu-scolaire","status":"publish","type":"page","link":"https:\/\/handiablees.com\/index.php\/special-parents\/lulu-turlututu-ou-la-sensibilisation-en-milieu-scolaire\/","title":{"rendered":"Lulu Turlututu ou la sensibilisation en milieu scolaire"},"content":{"rendered":"\n<p>L&rsquo;association Lulu Turlututu promeut la sensibilisation au handicap et se d\u00e9place dans les \u00e9coles des Hautes-Alpes et Alpes de Haute-Provence avec un livret cr\u00e9\u00e9 par sa Pr\u00e9sidente Catherine Feuillassier.  <\/p>\n\n\n\n<p>A retrouver sur <a href=\"https:\/\/www.facebook.com\/groups\/luluturlututu\/\" target=\"_blank\" rel=\"noreferrer noopener\">Facebook \ud83d\udc2d<\/a><\/p>\n","protected":false},"excerpt":{"rendered":"<p>L&rsquo;association Lulu Turlututu promeut la sensibilisation au handicap et se d\u00e9place dans les \u00e9coles des Hautes-Alpes et Alpes de Haute-Provence avec un livret cr\u00e9\u00e9 par sa Pr\u00e9sidente Catherine Feuillassier. A retrouver sur Facebook \ud83d\udc2d<\/p>\n","protected":false},"author":1,"featured_media":0,"parent":107,"menu_order":1,"comment_status":"open","ping_status":"closed","template":"","meta":{"footnotes":""},"class_list":["post-1092","page","type-page","status-publish","hentry"],"_links":{"self":[{"href":"https:\/\/handiablees.com\/index.php\/wp-json\/wp\/v2\/pages\/1092","targetHints":{"allow":["GET"]}}],"collection":[{"href":"https:\/\/handiablees.com\/index.php\/wp-json\/wp\/v2\/pages"}],"about":[{"href":"https:\/\/handiablees.com\/index.php\/wp-json\/wp\/v2\/types\/page"}],"author":[{"embeddable":true,"href":"https:\/\/handiablees.com\/index.php\/wp-json\/wp\/v2\/users\/1"}],"replies":[{"embeddable":true,"href":"https:\/\/handiablees.com\/index.php\/wp-json\/wp\/v2\/comments?post=1092"}],"version-history":[{"count":1,"href":"https:\/\/handiablees.com\/index.php\/wp-json\/wp\/v2\/pages\/1092\/revisions"}],"predecessor-version":[{"id":1093,"href":"https:\/\/handiablees.com\/index.php\/wp-json\/wp\/v2\/pages\/1092\/revisions\/1093"}],"up":[{"embeddable":true,"href":"https:\/\/handiablees.com\/index.php\/wp-json\/wp\/v2\/pages\/107"}],"wp:attachment":[{"href":"https:\/\/handiablees.com\/index.php\/wp-json\/wp\/v2\/media?parent=1092"}],"curies":[{"name":"wp","href":"https:\/\/api.w.org\/{rel}","templated":true}]}}