{"id":1060,"date":"2021-05-19T09:06:32","date_gmt":"2021-05-19T07:06:32","guid":{"rendered":"http:\/\/handiablees.com\/?page_id=1060"},"modified":"2021-05-19T09:10:48","modified_gmt":"2021-05-19T07:10:48","slug":"des-idees-dactivites-sensorielle-par-hoptoys","status":"publish","type":"page","link":"https:\/\/handiablees.com\/index.php\/accessibilte\/vie-quotidienne\/astuces-gadgets\/des-idees-dactivites-sensorielle-par-hoptoys\/","title":{"rendered":"Des id\u00e9es d&rsquo;activit\u00e9s sensorielles par hoptoys"},"content":{"rendered":"\n<p>Cette page d\u00e9di\u00e9e enti\u00e8rement \u00e0 des activit\u00e9s adapt\u00e9es et accessibles pour des enfants  ou jeunes adultes polyhandicap\u00e9s donnera des idees . A vous de piocher dans cette liste bien fournie!<\/p>\n\n\n\n<p><a href=\"https:\/\/www.bloghoptoys.fr\/18-activites-sensorielles-pour-mon-enfant-polyhandicape\" data-type=\"URL\" data-id=\"https:\/\/www.bloghoptoys.fr\/18-activites-sensorielles-pour-mon-enfant-polyhandicape\" target=\"_blank\" rel=\"noreferrer noopener\">18 activit\u00e9s sensorielles pour enfant polyhandicap\u00e9 \ud83d\udc2d<\/a><\/p>\n","protected":false},"excerpt":{"rendered":"<p>Cette page d\u00e9di\u00e9e enti\u00e8rement \u00e0 des activit\u00e9s adapt\u00e9es et accessibles pour des enfants ou jeunes adultes polyhandicap\u00e9s donnera des idees . A vous de piocher dans cette liste bien fournie! 18 activit\u00e9s sensorielles pour enfant polyhandicap\u00e9 \ud83d\udc2d<\/p>\n","protected":false},"author":1,"featured_media":0,"parent":61,"menu_order":1,"comment_status":"open","ping_status":"closed","template":"","meta":{"footnotes":""},"class_list":["post-1060","page","type-page","status-publish","hentry"],"_links":{"self":[{"href":"https:\/\/handiablees.com\/index.php\/wp-json\/wp\/v2\/pages\/1060","targetHints":{"allow":["GET"]}}],"collection":[{"href":"https:\/\/handiablees.com\/index.php\/wp-json\/wp\/v2\/pages"}],"about":[{"href":"https:\/\/handiablees.com\/index.php\/wp-json\/wp\/v2\/types\/page"}],"author":[{"embeddable":true,"href":"https:\/\/handiablees.com\/index.php\/wp-json\/wp\/v2\/users\/1"}],"replies":[{"embeddable":true,"href":"https:\/\/handiablees.com\/index.php\/wp-json\/wp\/v2\/comments?post=1060"}],"version-history":[{"count":2,"href":"https:\/\/handiablees.com\/index.php\/wp-json\/wp\/v2\/pages\/1060\/revisions"}],"predecessor-version":[{"id":1065,"href":"https:\/\/handiablees.com\/index.php\/wp-json\/wp\/v2\/pages\/1060\/revisions\/1065"}],"up":[{"embeddable":true,"href":"https:\/\/handiablees.com\/index.php\/wp-json\/wp\/v2\/pages\/61"}],"wp:attachment":[{"href":"https:\/\/handiablees.com\/index.php\/wp-json\/wp\/v2\/media?parent=1060"}],"curies":[{"name":"wp","href":"https:\/\/api.w.org\/{rel}","templated":true}]}}